{"id":67,"date":"2023-05-14T19:28:06","date_gmt":"2023-05-14T19:28:06","guid":{"rendered":"https:\/\/praxisbaeyer.de\/?page_id=67"},"modified":"2025-05-29T08:52:41","modified_gmt":"2025-05-29T08:52:41","slug":"herzlich-willkommen","status":"publish","type":"page","link":"https:\/\/praxisbaeyer.de\/","title":{"rendered":"Herzlich willkommen"},"content":{"rendered":"\n<p>Die Praxis befindet sich im \u00c4rztehaus, Hauptstra\u00dfe 6 in Jesteburg. Telefon: 04183 9898972, Email: willkommen@praxisbaeyer.de<\/p>\n\n\n\n<figure class=\"wp-block-table\"><table><tbody><tr><td>Informieren Sie sich gerne auf diesen Seiten \u00fcber das Angebot der Praxis. Der\u00a0Fokus meiner Arbeit liegt\u00a0im\u00a0Bereich der psychologischen Hilfe in Zeiten\u00a0schwerer Lebenskrisen. Ganz besonders habe ich mich auf die psychoonkologische Begleitung von an Krebs erkrankten Menschen und deren Angeh\u00f6rigen spezialisiert. Aber nat\u00fcrlich k\u00f6nnen Sie auch in anderen belastenden\u00a0Lebensphasen meine Unterst\u00fctzung in Anspruch nehmen. Wenn noch Fragen offen bleiben,\u00a0bin ich\u00a0gerne telefonisch f\u00fcr Sie da. Menschen, denen es im Einzelfall aus besonderen Gr\u00fcnden nicht m\u00f6glich ist, die Praxis aufzusuchen, besuche ich nach Absprache auch in der Klinik, am Arbeitsplatz oder zuhause. Meine Sprechzeiten sind flexibel und richten sich nach Ihren individuellen Bed\u00fcrfnissen. Gespr\u00e4chstermine sind selbstverst\u00e4ndlich auch abends und an Wochenenden und sogar an Feiertagen m\u00f6glich. Durch die individuelle Terminvereinbarung gibt es in meiner Praxis keine Wartezeiten und die gr\u00f6\u00dftm\u00f6gliche Diskretion. \u00a0\u00a0<br><\/td><\/tr><\/tbody><\/table><\/figure>\n\n\n\n<p><\/p>\n","protected":false},"excerpt":{"rendered":"<p>Die Praxis befindet sich im \u00c4rztehaus, Hauptstra\u00dfe 6 in Jesteburg. Telefon: 04183 9898972, Email: willkommen@praxisbaeyer.de Informieren Sie sich gerne auf diesen Seiten \u00fcber das Angebot der Praxis. Der\u00a0Fokus meiner Arbeit liegt\u00a0im\u00a0Bereich der psychologischen Hilfe in Zeiten\u00a0schwerer Lebenskrisen. Ganz besonders habe ich mich auf die psychoonkologische Begleitung von an Krebs erkrankten Menschen und deren Angeh\u00f6rigen spezialisiert.&hellip; <a class=\"more-link\" href=\"https:\/\/praxisbaeyer.de\/\"><span class=\"screen-reader-text\">Herzlich willkommen<\/span> weiterlesen<\/a><\/p>\n","protected":false},"author":1,"featured_media":0,"parent":0,"menu_order":1,"comment_status":"closed","ping_status":"closed","template":"","meta":{"footnotes":""},"_links":{"self":[{"href":"https:\/\/praxisbaeyer.de\/index.php?rest_route=\/wp\/v2\/pages\/67"}],"collection":[{"href":"https:\/\/praxisbaeyer.de\/index.php?rest_route=\/wp\/v2\/pages"}],"about":[{"href":"https:\/\/praxisbaeyer.de\/index.php?rest_route=\/wp\/v2\/types\/page"}],"author":[{"embeddable":true,"href":"https:\/\/praxisbaeyer.de\/index.php?rest_route=\/wp\/v2\/users\/1"}],"replies":[{"embeddable":true,"href":"https:\/\/praxisbaeyer.de\/index.php?rest_route=%2Fwp%2Fv2%2Fcomments&post=67"}],"version-history":[{"count":16,"href":"https:\/\/praxisbaeyer.de\/index.php?rest_route=\/wp\/v2\/pages\/67\/revisions"}],"predecessor-version":[{"id":193,"href":"https:\/\/praxisbaeyer.de\/index.php?rest_route=\/wp\/v2\/pages\/67\/revisions\/193"}],"wp:attachment":[{"href":"https:\/\/praxisbaeyer.de\/index.php?rest_route=%2Fwp%2Fv2%2Fmedia&parent=67"}],"curies":[{"name":"wp","href":"https:\/\/api.w.org\/{rel}","templated":true}]}}

<p>Die Praxis befindet sich im Ärztehaus, Hauptstraße 6 in Jesteburg. Telefon: 04183 9898972, Email: willkommen@praxisbaeyer.de</p>



<figure class="wp-block-table"><table><tbody><tr><td>Informieren Sie sich gerne auf diesen Seiten über das Angebot der Praxis. Der Fokus meiner Arbeit liegt im Bereich der psychologischen Hilfe in Zeiten schwerer Lebenskrisen. Ganz besonders habe ich mich auf die psychoonkologische Begleitung von an Krebs erkrankten Menschen und deren Angehörigen spezialisiert. Aber natürlich können Sie auch in anderen belastenden Lebensphasen meine Unterstützung in Anspruch nehmen. Wenn noch Fragen offen bleiben, bin ich gerne telefonisch für Sie da. Menschen, denen es im Einzelfall aus besonderen Gründen nicht möglich ist, die Praxis aufzusuchen, besuche ich nach Absprache auch in der Klinik, am Arbeitsplatz oder zuhause. Meine Sprechzeiten sind flexibel und richten sich nach Ihren individuellen Bedürfnissen. Gesprächstermine sind selbstverständlich auch abends und an Wochenenden und sogar an Feiertagen möglich. Durch die individuelle Terminvereinbarung gibt es in meiner Praxis keine Wartezeiten und die größtmögliche Diskretion.   <br></td></tr></tbody></table></figure>



<p></p>

<p>Die Praxis befindet sich im Ärztehaus, Hauptstraße 6 in Jesteburg. Telefon: 04183 9898972, Email: willkommen@praxisbaeyer.de Informieren Sie sich gerne auf diesen Seiten über das Angebot der Praxis. Der Fokus meiner Arbeit liegt im Bereich der psychologischen Hilfe in Zeiten schwerer Lebenskrisen. Ganz besonders habe ich mich auf die psychoonkologische Begleitung von an Krebs erkrankten Menschen und deren Angehörigen spezialisiert.&hellip; <a class="more-link" href="https://praxisbaeyer.de/"><span class="screen-reader-text">Herzlich willkommen</span> weiterlesen</a></p>
